pose -x*r + 0*r = -q. What is the units digit of r?
4
Suppose -g + 5*l = -201, 4*g + 2*l + 199 = 1025. What is the units digit of g?
6
Let h(r) = -2*r**3 - 3*r**2 - 4*r - 3. Let m be (2/(-4))/(3/12). What is the units digit of h(m)?
9
Let m(v) = 12*v + 47. What is the hundreds digit of m(9)?
1
Suppose 2*b + 3*d - 57 = 0, 0 = 2*d + 1 - 11. What is the tens digit of b?
2
Suppose 230 + 4962 = 2*y. Suppose -o - 3*o = -y. What is the units digit of (-1)/(-3) + o/33?
0
Let q(r) = r - 3. Let b be q(9). Let p(g) = g - 1. Let y be p(b). Let f = 8 - y. What is the units digit of f?
3
Let f be ((-4)/5)/(2/(-5)). Let y = f - 9. Let a(n) = -n**3 - 7*n**2 - n - 6. What is the units digit of a(y)?
1
Let a(q) be the first derivative of -q**3/3 - 6*q**2 - 5*q + 7. What is the units digit of a(-5)?
0
Let y(n) = -10*n**3 + n + 41 + n**2 - 41. What is the units digit of y(-1)?
0
Let p = 32 - 6. Let f = -5 + p. What is the units digit of f?
1
Suppose 4*c - 577 = -5*x, -4*c + 530 = 3*x - 53. What is the tens digit of c?
4
Let b(l) be the first derivative of -l**3/3 - 3*l**2/2 + 2*l + 1. Let m be b(-3). Suppose 5*q + 4 = -5*p + 19, m = -2*q. What is the units digit of p?
4
Let m(j) = j**3 - 2*j**2 + 2*j - 2. Let i be m(4). Let g = i - 14. What is the tens digit of g?
2
Let b(m) be the second derivative of -2*m - 1/2*m**2 - 1/6*m**3 + 0. What is the units digit of b(-6)?
5
Suppose -2*m - 28 = -3*q, 20 = q - 0*q + 2*m. Let z = -1 - -8. Suppose d + z*h - 4*h - 10 = 0, 3*h = -3*d + q. What is the units digit of d?
1
Suppose -9*r = -10*r + 54. What is the tens digit of r?
5
Suppose -3*q + 2*l + l - 3 = 0, -5*l - 13 = 4*q. What is the units digit of -1 - (-1)/(q/(-8))?
3
Suppose 5*f - 8 = 4*f. What is the tens digit of (-1190)/(-40) - 6/f?
2
Let u(z) = 5*z - 5 - 7*z + 3*z. Let v be u(4). What is the units digit of 2 + (0 + 1)/v?
1
Let n(k) = -k**3 - 7*k**2 - 3*k + 8. Let y be n(-7). Suppose 0 = -5*q + y + 26. What is the tens digit of q?
1
Suppose 5 = -m, 4*m = -d - 3*d + 352. What is the units digit of d?
3
Let l(w) = w**2 + w + 5. Let b = -15 - -15. What is the units digit of l(b)?
5
Suppose 4*a - 246 = -c + 3*c, 0 = a - 4*c - 79. What is the tens digit of a?
5
Suppose -16*u = -15*u - 21. What is the tens digit of u?
2
Let j = -10 + 19. What is the units digit of j?
9
Suppose -4 = -i + 25. What is the tens digit of i?
2
Suppose -2*r = 4*r - 48. Let c be 4*((-6)/(-4) + -1). Suppose 0 = w + c - r. What is the units digit of w?
6
Suppose 4*z - 25 - 87 = -4*t, 2*z = 5*t + 35. Suppose -3*s = z - 109. Suppose n = -n + s. What is the units digit of n?
4
Suppose 11 = -q - 13. Let t = -14 - q. What is the units digit of t?
0
Let d be (10/25)/((-2)/(-20)). Suppose -i - d*a + 34 = -a, -3*i + 58 = -2*a. What is the tens digit of i?
2
Let o(n) = -5*n. Let y be o(-4). Suppose -5*j + y = 5, 3*g + 3*j = 51. What is the tens digit of g?
1
Let k(g) = -g**2 + 11*g - 5. What is the tens digit of k(7)?
2
Let i = -126 + 192. What is the units digit of i?
6
Suppose 0 = 2*s - 0*s - 10. What is the units digit of (1 - (s - 3)) + 9?
8
Let v(g) = -g**2 + 6*g - 6. Let w be v(4). Suppose 6*i = w*i - 16. Let q = 18 + i. What is the tens digit of q?
1
Let q = 1 + 1. Suppose -8 = -4*a - c, -a - 5*c + q - 19 = 0. Suppose 40 = y + a*y. What is the tens digit of y?
1
Suppose 3*p = 4 + 2. Suppose -h + 40 + 10 = 5*w, 2*h + 32 = p*w. Let m = -6 + w. What is the units digit of m?
5
Suppose 2*x - 136 = -z, x + 4*z + 340 = 6*x. What is the units digit of x?
8
Suppose 10 = 5*r, 6 = 4*k - 0*r + 3*r. Suppose 4*b + 4*c - 48 = k, 2*b - 4*c - 39 = -c. What is the units digit of b?
5
Let a be (-1)/(-3) + 40/6. Let y be (-18)/4*50/(-15). Let t = y - a. What is the units digit of t?
8
Let d = 15 - 15. Suppose -3*k + 2*m = -36, 3*k - 4*m - 37 + 1 = d. What is the tens digit of k?
1
Let s = 44 - -26. Suppose -j = 16 - s. What is the units digit of (-12)/j - (-112)/18?
6
Let s = 25 + 15. What is the tens digit of s?
4
Suppose 8*a - 3*a + 15 = 0, -3*s = -a - 45. Let h be 4 - 0/(6/3). What is the units digit of (-2)/(-4) + s/h?
4
What is the tens digit of 6*(-3 + 1 - (-26)/6)?
1
Let i be 3 - (3 - (-2)/(-2)). Let x be 1*-7 + (-4)/(-4). What is the units digit of x/5*(-4 - i)?
6
Suppose 5*l = 4*f + 495, l - 3*f = -0*l + 88. What is the hundreds digit of l?
1
Let s(o) = o**3 + 8*o**2 + 3*o - 3. Let d be s(-7). Suppose 5*j = -5*n + 50, -3*n + 0*j + 2*j = -d. What is the units digit of n?
9
Let t be (3/(-5))/((-4)/20). Suppose 5*p + s - 25 = 0, 3*s = 8*s + 25. Suppose -t*o + 39 = p. What is the units digit of o?
1
Let j be (-7 + 2/2)/(-2). Suppose -2*v = x - 114, -2*v = -0*x - 5*x - 90. Suppose -j*f + 8*f = v. What is the tens digit of f?
1
Suppose i + 2*x - 13 = 0, x = -x + 10. Suppose -i*t + 0*t - 2*w = -45, -30 = -2*t - 4*w. What is the tens digit of t?
1
Let l = 6 + -12. Let d = l - -11. What is the units digit of d?
5
Let l(x) = -x**2 + 13*x + 29. What is the tens digit of l(12)?
4
Let t(o) = o**3 + 4*o**2 + 2*o - 3. Let z be t(-3). Suppose z = n - 1 + 4, 3*f - 81 = 2*n. What is the tens digit of f?
2
Suppose 0*z - 4*z + 52 = 0. What is the units digit of z?
3
Let y = 142 + -130. Let n(s) = s + 5. Let p be n(-4). Let g = y - p. What is the tens digit of g?
1
Let b = 14 + -8. Suppose -2*c = -2*s - b*c + 36, 4*s + c = 51. Suppose 3*l - s = -3. What is the units digit of l?
3
Let k be (19 + -1)/(10 + -8). Suppose -2*t = -3*g + 62, -2*t = -5*g + k + 89. Suppose 0 = 3*j + 5*r - 2, 0*r - 3*r = -3*j + g. What is the units digit of j?
4
Let x be 2/8 + (-1449)/(-12). Suppose 4*t - 5*d - x = 36, 3*d + 3 = 0. Suppose -4*f + 22 = -t. What is the units digit of f?
5
Let n be (-1 + 2)/(1/(-5)). Let l = -19 - n. Let j = l - -31. What is the units digit of j?
7
Let g(v) = 3 + v + 3*v - 3*v + v**2. Let u be g(0). Suppose 5*s = u*s + 16. What is the units digit of s?
8
Suppose -11*m = -7*m + 100. Let w = 59 + m. What is the tens digit of w?
3
Suppose 0*k = 5*k - 50. Let q = k - -9. What is the tens digit of q?
1
Let w = 52 - 23. What is the units digit of w?
9
Suppose 0 = 3*i + 2*o, -5*o = 3*i - 4*i. Suppose -10 = -i*r - 5*r. What is the units digit of r?
2
Let r be ((-3)/(-9)*0)/(-2). Let p(k) = -k**3 - k**2 + k + 10. What is the units digit of p(r)?
0
Let s = -15 - -30. Suppose 4*l = 3*l + s. Let h = 23 - l. What is the units digit of h?
8
Suppose 2*v + 0*v = 8. Suppose w + 2*w + 3*f = -81, 0 = -v*w - 5*f - 109. What is the units digit of w/(-8) + 2/(-8)?
3
Let w(l) = -11*l. What is the tens digit of w(-4)?
4
Let q(b) = 6*b**2. Let f be q(-1). Suppose -3*a = -6*a + f. What is the units digit of a?
2
Let l(b) = b**3 + 8*b**2 - 3*b - 6. Suppose -58 = 5*j - 18. What is the tens digit of l(j)?
1
Suppose 0 + 6 = 3*p. Suppose 0 = p*k + 3*a + 9, a + 31 = 2*k - 4*a. What is the units digit of k?
3
Let o = -5 + 8. Let s be 11/((0 - o)/(-3)). Suppose 2 = -3*n + s. What is the units digit of n?
3
Let x be 2/(4/6) + -8. What is the units digit of (x/(-15))/(2/12)?
2
Let g = 9 - 7. Let k = g - -6. Suppose 3*x - k = 49. What is the units digit of x?
9
Suppose 0 = -2*i + 6 - 2. Suppose 10 = i*u + 6. What is the units digit of u?
2
Suppose -8*a - 18 = -5*a. What is the units digit of (-8)/a - 18/(-27)?
2
Let d = 7 - 5. Let h be 3/(1 - -3 - 3). Suppose -d*y - h*j + 10 = 0, 0*y + 10 = 2*y + 5*j. What is the units digit of y?
5
Suppose z = 5*z - 8. Suppose l - 5 - 11 = 4*d, -5*l + 14 = z*d. What is the units digit of 75/9 - (-1)/d?
8
Suppose -2*m = -2*j + 18, 4*j - m - 30 = m. Suppose -4*y - 136 = -52. What is the units digit of 8/j + (-14)/y?
2
Let q = -11 - -121. Suppose -8*n = -3*n - 2*p - q, 0 = 2*n + 3*p - 63. What is the tens digit of n?
2
Let d be (-27)/3*(-1)/3. Suppose 5*o - 3*g = -6*g + 45, d*o - 41 = g. What is the tens digit of o?
1
Let c = -51 + 69. What is the units digit of c?
8
Suppose 0 = -5*t - 3*z + 7, -13 = -4*t + z - 4. Let d be (2/3)/(t/(-3)). Let f = d + 4. What is the units digit of f?
3
Let t be (82/6)/(2/(-6)). What is the units digit of (5 - 6)/(1/t)?
1
Suppose -3*g + 3*h = -144, -5*h + 171 = 4*g - 39. What is the tens digit of g?
5
Let y be ((-3)/9)/((-2)/(-12)). Let u = y - -5. What is the units digit of u?
3
Let i(d) = -d + 5. Let c be i(7). Let w = 6 + c. What is the units digit of w?
4
Let n be -2*(-3)/(-15)*5. Let x = n 